et p be (350/(-56) + 5)*-20. Let j = 8 + -3. Let y be -1 - j/(p/10). What is s(y)?
10
Suppose -211*m + 181 + 381 = -71. Let i(p) = 15*p**2 - 3*p - 4. Determine i(m).
122
Let v(z) = 5*z - 8. Let b(i) = -6*i**3 - 45*i**2 - 23*i - 13. Let m be b(-7). What is v(m)?
-3
Let g(u) be the second derivative of u**5/20 + u**4/6 - u**3/2 + 5*u**2/2 - 2*u - 1094. Calculate g(-4).
-15
Let z(f) = f**3 - 8*f**2 + 21*f - 28. Let w(n) = 6*n**3 - 50*n**2 + 127*n - 166. Let t(d) = -4*w(d) + 23*z(d). Determine t(14).
62
Let x(s) = 287 - 5385*s + 2709*s + 2684*s. Determine x(-34).
15
Let u be 8/3*3 + (-20)/(1360/527). Let g(f) be the first derivative of -9*f + f**2 + u*f**4 - 3*f**3 - 15. Calculate g(9).
9
Let k(c) = -3*c**3 + 15*c**2 - 3*c + 1. Let h(a) = -5*a**3 + 22*a**2 - 5*a + 4. Let m(t) = 5*h(t) - 8*k(t). Give m(-10).
22
Let b be 154/(-77)*((-1)/(-2))/((-4)/(-8)). Let d(c) = 2*c**2 - 2*c - 6. What is d(b)?
6
Let x(h) = 6*h - 3. Let b = 64 + -72. Give x(b).
-51
Let d(t) = -5*t**3 + 8*t**2 - 5*t + 3. Let g(n) = -4*n**3 + 7*n**2 - 5*n + 3. Let y = 30 + -34. Let c(z) = y*g(z) + 3*d(z). Determine c(4).
17
Let p(o) = -232*o**2 - 51*o - 352. Let m(y) = -325*y**2 - 77*y - 527. Let k(r) = 5*m(r) - 7*p(r). Give k(-10).
9
Let n(l) be the third derivative of 5*l**4/24 + l**3/3 - 15*l**2 + l + 17. What is n(1)?
7
Let v(u) = -4*u**3 - 2*u**2 + 3*u + 3. Suppose 51 + 177 = -90*z + 48. Give v(z).
21
Suppose 0 = -8*v + 126 + 34. Suppose v = -c + 6*c. Let b(h) = h**2 - 214*h - c - h**2 - h**3 + 213*h. Determine b(0).
-4
Let s(m) = -2*m**2 + 28*m + 32. Let y be s(15). Suppose -y*n + 8 = 20. Let l(a) = 5*a + 9. Give l(n).
-21
Let m = -4 - -8. Let t(d) = d**2 - 4*d - 459. Let r(u) = 15*u**2 - 60*u - 6733. Let a(g) = -3*r(g) + 44*t(g). Give a(m).
3
Suppose 3*p - 4*j = 2, 3*j = 6*j - 3. Let u(w) = -p - 2 - 7*w - 10 + w**2 + 11. Suppose 88*n = 85*n + 21. Determine u(n).
-3
Let a(s) = -17*s + 578 - s**2 + 589 - 1764 + 545. Calculate a(-5).
8
Let c(w) = -4*w + 16. Suppose -13*f = 26 + 39. Let a(p) = 6*p - 18. Let d(m) = f*c(m) - 4*a(m). Calculate d(-2).
0
Let s(r) = -r**3 + 4*r**2 + 3*r + 7. Suppose -14*a - 825 = -17*a. Let n = a + -160. Let p = n - 110. Give s(p).
-3
Let r(l) = -11*l + 836. Let z be r(76). Let v(j) be the third derivative of z*j + 1/12*j**4 - 2/3*j**3 + 13*j**2 + 0. Calculate v(3).
2
Let h(y) = -53*y**2 + 74*y - 107. Let a(u) = -33*u**2 + 49*u - 71. Let w(s) = -8*a(s) + 5*h(s). Determine w(-25).
-42
Let m(n) = -2*n**3 - n**2 + n + 2. Suppose 20*t = 15*t + 245. Let a = t - 50. Let q be 2/((a/(-3))/(2/(-6))). What is m(q)?
12
Let c be (-4)/12*2*-3. Let b(m) = -8*m**3 + m**2 - 5*m - 1. Let g(d) = -3*d**3 + d**2 - 2*d. Let l(a) = -b(a) + 3*g(a). What is l(c)?
-1
Suppose 0 = -2*y - 5*c - 404, y - 5*c + 187 = -0*y. Let i = 195 + y. Let u(a) be the third derivative of a**6/60 + a**4/8 + a**3/6 + a**2. Give u(i).
-21
Let y(m) = 6*m + 254 + 218 - 675 + 246. Give y(-4).
19
Let s(g) = g**2 + 64*g - 1888. Let v be s(-86). Let h(n) = 15*n - 66. Determine h(v).
-6
Let o = 13 - 16. Let b = -11 - o. Let q(a) = -4*a**2 - 9*a + 31. Let f(m) = -m**2 - 2*m + 8. Let k(y) = 23*f(y) - 6*q(y). Determine k(b).
-2
Suppose 84*i - 55 = 95*i. Let b(a) = -a**3 + 2*a**2 - 9*a - 2. Let r(p) = 2*p**3 - p**2 + 10*p + 1. Let d(g) = 3*b(g) + 2*r(g). Calculate d(i).
6
Let z = -9 - -14. Let v(l) be the second derivative of l**4/12 - 7*l**3/6 + 9*l**2/2 - 1398*l + 1. What is v(z)?
-1
Let i(z) = -318 + 655 - 310 + z**2 - 8*z. Determine i(4).
11
Let m(b) = -50*b + 32. Let v(p) = -19*p + 11. Let f(l) = 8*m(l) - 22*v(l). Determine f(-1).
-4
Let m = 756 - 743. Let j(s) = -s + 9. Let n be j(7). Let d(t) = m - 4 + t**n - 10 - 3*t. Determine d(4).
3
Let k(f) be the second derivative of 0 + 0*f**2 + 7/120*f**5 + 1/360*f**6 + 19/3*f**3 - 8*f + 5/24*f**4. Let s(j) be the second derivative of k(j). Give s(-6).
-1
Let o(c) = 17*c - 44. Suppose -37*d + 32*d = 3*g - 14, 0 = -2*d + 2*g + 12. Determine o(d).
24
Let x(a) = -755*a**3 - 3*a + a**2 + 1521*a**3 - 758*a**3 + 0*a**2 + 2 + a. Calculate x(1).
9
Let z(o) = -o - 4. Let r(y) = 2*y + 8. Let t(w) = w**2 - w - 17. Let b be t(4). Let k(n) = b*z(n) - 3*r(n). What is k(-3)?
-1
Let h = 52 - 49. Let x be ((-124)/93)/((-2)/h). Let q(d) = 5*d + 2*d**x + 2*d**2 - 3 - 4*d**2 - 4*d**2 - d**3. What is q(-5)?
-3
Suppose 3*k + 3*r = -1986, 0*k - r + 1318 = -2*k. Let f be k/99 - 1/3. Let y(p) = p**3 + 7*p**2 - p - 9. What is y(f)?
-2
Let d be (-544)/(-34) + -24 + (-8 - -12). Let v be (-4)/22 + 96/44. Let q(x) = 5*x + 5 - v*x - 2*x. Give q(d).
1
Let w(j) = 1 - 171*j**2 + j**2 - 2*j**2 + 178*j**2 - j. Suppose -g = -0 - 1. What is w(g)?
6
Let w(i) be the first derivative of -95*i**2/2 + 2*i - 8802. Determine w(1).
-93
Let z(l) = l**2 - 21 + l**2 - 10 + 17*l - l + 53. Give z(-3).
-8
Suppose 0 = -127*q - 22*q + 596. Suppose 4*d + 0*r + 4*r = -12, r = d - 3. Let o(w) = -1 + 2*w**2 + 0 - w**2 + d. Calculate o(q).
15
Let y(v) = -4*v - 2. Suppose 0 = 7*p + 2*p - 54. Let d(m) = 2*m - 13. Let c be d(p). Determine y(c).
2
Let g(v) be the second derivative of v**4/6 - 4*v**3/3 - 51*v**2/2 - 12046*v. Give g(-4).
13
Let m(q) = q**3 - 2*q**2 + 10*q - 8. Let a be m(3). Suppose 1 = -8*w - a. Let g(s) = -s**2 - 4*s + 5. What is g(w)?
5
Let s(x) = 25 + 5*x + 3*x - 7*x. Let q = -25453 - -25434. Calculate s(q).
6
Let l(i) = -i - 7. Let g be l(0). Suppose 8*p - 3*p - 450 = 0. Let n(t) = -t**2 + 3 + p*t - 182*t + 88*t. Calculate n(g).
-18
Let m be -11*(-12)/528 - (-3)/(-12)*-55. Let z(n) be the second derivative of n**3 + m*n + 1/2*n**2 + 0. Determine z(1).
7
Let x be -2 + (-1 - -2 - 2). Let j = -159 + 172. Let i(s) = -6*s + j*s**2 - 15*s**2 + 10*s + 4 - 3*s. Determine i(x).
-17
Let i(j) be the third derivative of -j**6/360 + 7*j**5/120 - 7*j**4/24 + 11*j**3/6 + 3*j**2 - 10. Let w(q) be the first derivative of i(q). What is w(5)?
3
Let l = -57 - -69. Suppose 4*m + 22 = -3*s - l, 26 = -s - 5*m. Let p(h) be the second derivative of h**3/6 - h**2/2 - 22*h. Determine p(s).
-7
Let i(z) = -3*z**3 - 5*z**2 + 78*z + 16. Let t(u) = -7*u**3 - 11*u**2 + 187*u + 31. Let w(n) = -5*i(n) + 2*t(n). What is w(-6)?
-30
Let k(r) = 24*r**2 + 23*r + 1. Let w be k(-1). Let c(z) = -z**3 + 3*z**2 - 3*z - 1. Calculate c(w).
-3
Let w be (-2*8/18)/(272/(-2448)). Let v(i) = -i**3 + 4 - 5*i**2 - i**2 - w + 4. Calculate v(-6).
0
Suppose -j + 14 = -w - 4*j, 3*w = 2*j + 13. Let r(a) = -15*a - w + 30*a + a**2 - 8*a. Determine r(-6).
-7
Let d(k) be the second derivative of -1/360*k**6 + 0*k**5 + 0*k**3 + 0 + 0*k**2 - 19*k - 7/4*k**4. Let n(j) be the third derivative of d(j). Give n(-3).
6
Let m be 4 - ((-2)/(-11) - 42/231). Let o(u) = 5*u - 9. What is o(m)?
11
Suppose 5*c - 39 + 58 = 4*g, 4*c = -3*g - 9. Let d(w) = -2*w**2 + 4*w + 6. Let y(l) = l + 1. Let m(x) = -d(x) + 6*y(x). Determine m(g).
4
Suppose 169*x = 176*x - 42. Let q(p) = -p**3 + 6*p**2 - 2*p + 7. Determine q(x).
-5
Let t(d) = d**2 + 7*d + 7. Suppose 6*x = 30 + 108. Suppose -4*n - x = -m, m = 5*n - 8*n - 12. What is t(n)?
-3
Let i = 2 + -4. Let b = -8534 + 18985. Let c(d) = 10451 - 2*d - b. Determine c(i).
4
Let a(x) = -7*x**3 + 2*x**2 + 5*x - 1. Let j(i) = -19*i**3 + 5*i**2 + 14*i - 2. Let z(t) = -11*a(t) + 4*j(t). Let v be ((-3)/2)/(15/(-30)). Calculate z(v).
15
Let h(o) be the second derivative of o**4/12 + o**3/2 + o**2 - 87*o + 1. What is h(-9)?
56
Let t(x) = -x**3 - 50*x**2 - 587*x - 351. Let o be t(-32). Let w(r) be the first derivative of 23*r**4/4 + 2*r**3/3 - r**2/2 - 1. Determine w(o).
24
Suppose -3*g = -58 - 5. Suppose -5*j - g - 9 = 0. Let b(q) = 10 - 5*q + 4*q - 21 + 10. What is b(j)?
5
Let s = -7606 + 7636. Let j(v) = v**2 - 28*v - 56. Calculate j(s).
4
Let g(b) = 6*b - 4. Suppose i = 3*i, -5*l - 5*i = -80. Let k be ((-4)/l)/((-5)/100). Calculate g(k).
26
Let b = 13 + 3. Suppose -m + 2*m + b = 0. Let d = m - -9. Let x(w) = w**3 + 6*w**2 - 7*w + 8. What is x(d)?
8
Let m(w) = -41*w + 34. Let c(r) = 109*r - 102. Let l(h) = 3*c(h) + 8*m(h). Determine l(-11).
-23
Suppose -14*v + 18*v = 2*y - 672, -2*v + 1040 = 3*y. Let b = -329 + y. Let h(j) = j**3 - 14*j**2 - 14*j - 14. Give h(b).
1
Suppose 0 = -10*q + 283 - 273. Suppose 8 = -9*k - q. Let b(h) = -3*h**2 - h**2 + 6*h**2 + 7*h**2. Calculate b(k).
9
Let v = 74 + -72. Let d(n) = -110 + 2*n**3 - 7*n - 7*n**v + 106 - n